common factor of r and v?
25
Let y(r) = 0*r**3 + 0*r - 6*r**2 - 6 + r**3 + 2*r. Let w be y(6). Let x(z) = 15*z. Let p be x(2). Calculate the highest common factor of w and p.
6
Let i = 64 + -17. Let z be (0 - -1) + -1 + 4. Suppose -15 = z*c - i. Calculate the highest common factor of c and 40.
8
Let u(m) = 4*m**2 - 8*m + 2. Let w be u(2). What is the greatest common divisor of w and 10?
2
Suppose 0 = 7*h - 3*h. Suppose -v - 2*r + 108 = h, 4*v - 163 = -3*r + 249. What is the greatest common factor of 25 and v?
25
Let o be 99/5 - 1/(-5). What is the greatest common factor of 20 and o?
20
Let f = 74 - 45. What is the greatest common factor of f and 290?
29
Let d(w) = w**2 + 25*w - 6 - 4 - 30*w. Let s be d(7). What is the greatest common factor of 1 and s?
1
Suppose 48 = 6*c + 2*c. What is the highest common factor of c and 6?
6
Suppose -2 = -4*z + 6. What is the greatest common factor of 6 and z?
2
Suppose 4*o = -4 + 12. Suppose 8 = -0*r + o*r. Suppose -r*h = -h - 36. Calculate the greatest common factor of 18 and h.
6
Let d(f) = 22*f**2 + f. Let m be 12/3 + -1 - 1. Let w be d(m). What is the highest common divisor of w and 18?
18
Let l be 2/9 - (-1070)/45. Let i be 6 + ((-2)/(-2) - 3). Suppose -j - 7 = -i*o, -1 = 5*o + 3*j - 31. What is the highest common divisor of o and l?
3
Let k = -8 - -10. What is the greatest common factor of k and 10?
2
Let r(z) = 9*z**3 - z**2 + 2*z - 1. Let d be r(1). Let y(u) = 15*u**2 + u + 2. Let h be y(4). Let j = -165 + h. What is the highest common factor of j and d?
9
Let h = -6 - -3. Let s(t) = -t**3 + 2*t**2 + 2*t - 4. Let w be s(h). Let d = 3 - -2. Calculate the greatest common divisor of w and d.
5
Suppose 0*u = -3*u + 60. Let x be 6 - ((-1 - -2)*-3 - -5). Calculate the highest common factor of u and x.
4
Suppose -14*z - 5*p = -15*z + 2, -2*z = p - 15. What is the greatest common divisor of z and 7?
7
Let g be (2/3)/(2/12). Suppose 5*k - 46 = 34. What is the greatest common factor of g and k?
4
Suppose a + 0 = 4. Suppose 0*y = -y + 3*v - 5, -3*y - 5*v + 55 = 0. Suppose -f = -y - 14. Calculate the greatest common divisor of a and f.
4
Let v = -4 - -6. Suppose 0*i - 64 = -v*i. Let l be (-238)/(-5) - (-2)/5. What is the greatest common factor of l and i?
16
Let q(v) = v**3 + 9*v**2 - 5*v - 6. Let l be q(-8). What is the greatest common divisor of 14 and l?
14
Suppose 330 = 5*x - 0*x. Suppose -x = -3*z + z. Calculate the greatest common factor of z and 22.
11
Let v(m) = m**2 + 2*m - 1. Let z be v(-6). Let h = -13 + z. Calculate the greatest common divisor of h and 40.
10
Let x be 54/15 - (-6)/15. Suppose 4*c - 24 = -2*w, 0*w - x*w + 5*c = -61. What is the greatest common divisor of 21 and w?
7
Let h = -246 - -172. Let q = 236 + h. Calculate the highest common factor of q and 18.
18
Let i(c) = c - 1. Let v be i(4). Suppose v*m + 2*m = 165. Calculate the greatest common factor of 11 and m.
11
Let n(z) = 1 + 2*z + 0 - z**2 - 2*z - z + 16*z**3. Let s be n(1). Suppose 1 + s = o. Calculate the highest common factor of o and 128.
16
Let o be 8/2*75/20. Suppose k + o = 4*q, 6*q - 5*k = q + 15. What is the greatest common divisor of q and 32?
4
Suppose 6 + 0 = o. What is the highest common factor of 18 and o?
6
Let j be (-4)/1 - (-5 + -15). What is the highest common divisor of j and 48?
16
Suppose 9 = -3*s, -2*v = -3*v - 4*s - 7. Let n = v - -3. What is the greatest common factor of 56 and n?
8
Let p be (-2 - 8/(-2)) + 3. Let t = 13 - 7. Suppose 4*j - n - 135 = -t*n, 2*n = j - 50. What is the greatest common divisor of p and j?
5
Let j = 57 + -39. Calculate the greatest common divisor of j and 198.
18
Suppose -4*l + 25 = -k + 2*k, -3*l + 9 = 0. Suppose 0*d + 4*d = -r + 365, r - 456 = -5*d. Calculate the highest common divisor of d and k.
13
Suppose 0 = 45*r - 47*r + 18. What is the greatest common factor of 117 and r?
9
Suppose 4*c = m + 11, -3*m = 2*m - c - 40. Calculate the highest common divisor of m and 81.
9
Let s be -4 + 4 - (-1 + 2). Let m = s + 0. Let k = m + 4. What is the greatest common divisor of 33 and k?
3
Let a(n) = n**3 + n**2 - n + 6. Let d be a(0). Let x be (-2)/(d/(-33)) - 2. Calculate the highest common divisor of x and 18.
9
Suppose -3*l + n = 5*n - 53, 4*l + n - 75 = 0. Calculate the highest common factor of 152 and l.
19
Let c = -4 + 6. Calculate the greatest common factor of 3 and c.
1
Suppose -y - 4*v - 10 = 0, 5*y - 4*v - 23 + 1 = 0. Let f(n) = 1 + 13*n - 2*n + y*n + 5*n. Let l be f(3). What is the greatest common factor of 11 and l?
11
Let j be ((-2)/(-4))/((-2)/(-36)). Calculate the greatest common divisor of j and 45.
9
Let m be (-15)/(-6)*(-16)/(-10). Calculate the greatest common factor of 40 and m.
4
Suppose 132 = 3*q - q. What is the greatest common divisor of 6 and q?
6
Suppose -5*i = -3 - 7. Suppose -3*p + 2*s + s + 39 = 0, 0 = -4*p - i*s + 40. Let n be 2*22/(-4)*-5. What is the highest common factor of p and n?
11
Let g = 108 - 84. What is the highest common factor of 18 and g?
6
Let n(a) = -a**3 - 3*a**2 + 2*a - 4. Let h be n(-4). Suppose -b - 37 = -2*s, -30 = 5*b - 5. Calculate the highest common factor of h and s.
4
Let n(q) = -4*q - 7. Let d be n(-3). Let u(z) = -z + 1. Let p be u(6). Let t = 5 - p. What is the highest common factor of d and t?
5
Let r be 5 + -1 - (-7 + -1). What is the highest common divisor of 84 and r?
12
Let f be 30 - (-3*1 - -1). Suppose 0 = -3*m + f + 4. Let s = 6 - -18. What is the highest common divisor of m and s?
12
Suppose 25 = 5*k, -h = -5*k - 10 + 33. Suppose -3*o = v - 1, 27*v + 17 = 30*v - 5*o. Calculate the highest common factor of h and v.
2
Let g(l) = l**2 + l. Let o(c) = -c**3 + 9*c**2 + 11*c - 3. Let k(b) = -3*g(b) + o(b). Let n be k(7). What is the greatest common divisor of 16 and n?
4
Suppose 0 = -4*w + 6*w + 12. Let v be 51/4 - w/(-8). Suppose -5*q - 5*s = -35, 5*q + 6*s - 45 = 3*s. What is the greatest common divisor of v and q?
12
Suppose 11 + 5 = l. Calculate the greatest common factor of 8 and l.
8
Let k = -55 - -77. Calculate the greatest common factor of k and 33.
11
Let n = 3 + -1. Suppose -5*j + 4*w + 573 = 0, 0*w + 3*w + 225 = n*j. Suppose o = 17 - 4. What is the greatest common factor of j and o?
13
Let s(d) = -3*d**2 - 8*d - 2. Let k be s(-7). Let o = 188 + k. What is the highest common divisor of o and 38?
19
Let w(k) = -k - 1. Let o be w(-1). Suppose o = 4*y + y - 2*b - 486, 0 = -4*b + 8. Suppose 5*x - 4*x = 14. Calculate the greatest common factor of y and x.
14
Let t be (-4)/(8/(-1))*62. Calculate the greatest common divisor of t and 31.
31
Suppose 4*d - y - 105 = 0, 2 + 4 = 2*y. Suppose 3*s + d - 93 = 0. What is the highest common divisor of s and 22?
22
Let i be (-5 + (-8)/2)/(2/(-10)). Calculate the highest common divisor of i and 5.
5
Suppose -287 = -23*a + 58. Calculate the highest common divisor of a and 12.
3
Let j = 51 + -33. Calculate the highest common divisor of j and 54.
18
Let k = 26 - 18. Suppose 5*r = k*r - 33. Calculate the greatest common factor of r and 22.
11
Let v(y) = y + 3. Let x be v(0). Suppose 4*l + 3*p + x = 0, -l + 2*p + 2 = -5*l. Suppose -3*i - i + 84 = l. Calculate the greatest common divisor of i and 189.
21
Let q = -5 - 6. Let n = 3 - q. What is the highest common factor of n and 154?
14
Let t be (-62)/(-4) + (-11)/22. What is the greatest common factor of t and 165?
15
Let k = 34 - 30. What is the highest common factor of 44 and k?
4
Let n = 10 + 4. Calculate the greatest common factor of 35 and n.
7
Let l(y) = 130*y - 2. Let c be l(1). Calculate the greatest common factor of c and 16.
16
Let f = -44 - -51. Calculate the greatest common divisor of 56 and f.
7
Let p = -5 + 8. Suppose -43 + p = -5*j. What is the greatest common factor of 1 and j?
1
Let n(k) = k**2 + 4*k - 7. Let t be n(-7). Calculate the highest common divisor of t and 7.
7
Let b be 1 - (-8)/(-2)*-7. Suppose -b = -4*x + 19. Suppose -4*s + 84 = x. What is the greatest common factor of 3 and s?
3
Suppose 0 = 3*h + h - 124. Suppose -4*q + 35 = -3*q + 2*v, q = 2*v + h. Calculate the greatest common factor of 22 and q.
11
Let s be (0 + -6 - -4) + 1*17. What is the highest common factor of s and 135?
15
Let y(v) = v**3 - 10*v**2 + 9*v + 7. Let f be ((-10)/(-10))/((-2)/(-18)). Let g be y(f). Calculate the highest common divisor of g